{"id":43,"date":"2009-12-07T18:59:41","date_gmt":"2009-12-07T23:59:41","guid":{"rendered":"http:\/\/localhost\/wp\/?page_id=43"},"modified":"2025-10-01T16:32:27","modified_gmt":"2025-10-01T20:32:27","slug":"dictionary","status":"publish","type":"page","link":"https:\/\/www.eastcree.org\/cree\/fr\/dictionary\/","title":{"rendered":"Dictionnaire"},"content":{"rendered":"<h1 class=\"pg-title\"><a target=\"dictionary\" href=\"\/\/dictionary.eastcree.org\" rel=\"noopener\">Dictionnaires du cri de l&#8217;Est<\/h1>\r\n\r\n<p><a target=\"dictionary\" href=\"\/\/dictionary.eastcree.org\" rel=\"noopener\">\u279c Allez aux <strong>DICTIONNAIRES EN LIGNE<\/strong> (versions les plus r\u00e9centes)<\/a><\/p>\r\n\r\n<p><a href=\"books\"><img src=\"\/img\/order-icon.png\" \/> Achetez les dictionnaires (normal, th\u00e9matique, fran\u00e7ais, anglais, dialectes cri du Nord et du Sud)  <\/a><\/p>\r\n\r\n","protected":false},"excerpt":{"rendered":"Dictionnaires du cri de l&#8217;Est \u279c Allez aux DICTIONNAIRES EN LIGNE (versions les plus r\u00e9centes) Achetez les dictionnaires (normal, th\u00e9matique, fran\u00e7ais, anglais, dialectes cri du Nord et du Sud)","protected":false},"author":1,"featured_media":0,"parent":6,"menu_order":0,"comment_status":"closed","ping_status":"open","template":"","meta":[],"_links":{"self":[{"href":"https:\/\/www.eastcree.org\/cree\/wp-json\/wp\/v2\/pages\/43"}],"collection":[{"href":"https:\/\/www.eastcree.org\/cree\/wp-json\/wp\/v2\/pages"}],"about":[{"href":"https:\/\/www.eastcree.org\/cree\/wp-json\/wp\/v2\/types\/page"}],"author":[{"embeddable":true,"href":"https:\/\/www.eastcree.org\/cree\/wp-json\/wp\/v2\/users\/1"}],"replies":[{"embeddable":true,"href":"https:\/\/www.eastcree.org\/cree\/wp-json\/wp\/v2\/comments?post=43"}],"version-history":[{"count":13,"href":"https:\/\/www.eastcree.org\/cree\/wp-json\/wp\/v2\/pages\/43\/revisions"}],"predecessor-version":[{"id":14365,"href":"https:\/\/www.eastcree.org\/cree\/wp-json\/wp\/v2\/pages\/43\/revisions\/14365"}],"up":[{"embeddable":true,"href":"https:\/\/www.eastcree.org\/cree\/wp-json\/wp\/v2\/pages\/6"}],"wp:attachment":[{"href":"https:\/\/www.eastcree.org\/cree\/wp-json\/wp\/v2\/media?parent=43"}],"curies":[{"name":"wp","href":"https:\/\/api.w.org\/{rel}","templated":true}]}}