{"id":14440,"date":"2025-10-21T08:36:45","date_gmt":"2025-10-21T12:36:45","guid":{"rendered":"https:\/\/www.eastcree.org\/cree\/?page_id=14440"},"modified":"2025-10-21T16:07:58","modified_gmt":"2025-10-21T20:07:58","slug":"comment-citer-les-lecons","status":"publish","type":"page","link":"https:\/\/www.eastcree.org\/cree\/fr\/about\/credits\/comment-citer-les-lecons\/","title":{"rendered":"Comment citer les le\u00e7ons?"},"content":{"rendered":"<h1 class=\"pg-title\"><a name=\"top\"><\/a>G\u00e9n\u00e9rique des le\u00e7ons<\/h1>\n<p>Pour le g\u00e9n\u00e9rique complet cliquez <a href=\"https:\/\/www.algonquianlanguages.ca\/links\/generique-des-lecons-de-cree-de-lest\/\" target=\"_blank\" rel=\"noopener\">ICI<\/a>.<\/p>\n<h3 class=\"head\">Comment citer les le\u00e7ons?<\/h3>\n<p>Pour citer les le\u00e7ons de cri de l&#8217;Est, choisissez votre style:<\/p>\n<h4>Le\u00e7ons de cri de l&#8217;Est (langue seconde)<\/h4>\n<div id=\"accordion\" role=\"tablist\" aria-multiselectable=\"true\">\n<div class=\"card\">\n<div id=\"headingOne\" class=\"card-header\" role=\"tab\">\n<h5 class=\"mb-0\"><a href=\"#apa-1\" data-toggle=\"collapse\" data-parent=\"#accordion\" aria-expanded=\"true\" aria-controls=\"collapseOne\"> APA <\/a><\/h5>\n<div id=\"apa-1\" class=\"collapse\" role=\"tabpanel\" aria-labelledby=\"headingOne\">\n<div class=\"card-block\">\n<p>Junker, M.-O., Neacappo, M., Owen, C. (R\u00e9ds.). (2020). <span style=\"font-style: italic;\">Le\u00e7ons de cri de l&#8217;Est (langue seconde).<\/span> lessons.eastcree.org<\/p>\n<\/div>\n<\/div>\n<\/div>\n<div class=\"card\">\n<div id=\"headingTwo\" class=\"card-header\" role=\"tab\">\n<h5 class=\"mb-0\"><a class=\"collapsed\" href=\"#mla-1\" data-toggle=\"collapse\" data-parent=\"#accordion\" aria-expanded=\"false\" aria-controls=\"collapseTwo\"> MLA <\/a><\/h5>\n<\/div>\n<div id=\"mla-1\" class=\"collapse\" role=\"tabpanel\" aria-labelledby=\"headingTwo\">\n<div class=\"card-block\">\n<p>Junker, Marie-Odile, Mimie Neacappo et Claire Owen, R\u00e9ds. <span style=\"font-style: italic;\">Le\u00e7ons de cri de l&#8217;Est (langue seconde).<\/span> 2020. lessons.eastcree.org. <span style=\"color: #ff0000;\">[Date].<\/span><\/p>\n<p><span style=\"color: #ff0000;\">[Date]<\/span> = la date \u00e0 laquelle vous avez acc\u00e9d\u00e9 aux lessons: 13 D\u00e9c. 2025<\/p>\n<\/div>\n<\/div>\n<\/div>\n<\/div>\n<p>&nbsp;<\/p>\n<h4>Jeux de vocabulaire et de grammaire<\/h4>\n<div id=\"accordion\" role=\"tablist\" aria-multiselectable=\"true\">\n<div class=\"card\">\n<div id=\"headingOne\" class=\"card-header\" role=\"tab\">\n<h5 class=\"mb-0\"><a href=\"#apa-1\" data-toggle=\"collapse\" data-parent=\"#accordion\" aria-expanded=\"true\" aria-controls=\"collapseOne\"> APA <\/a><\/h5>\n<\/div>\n<div id=\"apa-1\" class=\"collapse\" role=\"tabpanel\" aria-labelledby=\"headingOne\">\n<div class=\"card-block\">\n<p>Junker, M.-O. et Weistche, P. (R\u00e9ds.). (2008-11). <span style=\"font-style: italic;\">Jeux de vocabulaire et de grammaire en cri de l&#8217;Est (Niveaux 1, 2, et 3).<\/span> lessons.eastcree.org<\/p>\n<\/div>\n<\/div>\n<\/div>\n<div class=\"card\">\n<div id=\"headingTwo\" class=\"card-header\" role=\"tab\">\n<h5 class=\"mb-0\"><a class=\"collapsed\" href=\"#mla-1\" data-toggle=\"collapse\" data-parent=\"#accordion\" aria-expanded=\"false\" aria-controls=\"collapseTwo\"> MLA <\/a><\/h5>\n<\/div>\n<div id=\"mla-1\" class=\"collapse\" role=\"tabpanel\" aria-labelledby=\"headingTwo\">\n<div class=\"card-block\">\n<p>Junker, Marie-Odile, et Pearl Weistche, R\u00e9ds. <span style=\"font-style: italic;\">Jeux de vocabulaire et de grammaire en cri de l&#8217;Est (Niveaux 1, 2, et 3).<\/span> 2008-11. lessons.eastcree.org. <span style=\"color: #ff0000;\">[Date].<\/span><\/p>\n<p><span style=\"color: #ff0000;\">[Date]<\/span> = la date \u00e0 laquelle vous avez acc\u00e9d\u00e9 aux lessons: 13 D\u00e9c. 2025<\/p>\n<\/div>\n<\/div>\n<\/div>\n<\/div>\n<p>&nbsp;<\/p>\n<h4>Le\u00e7ons de syllabique<\/h4>\n<div id=\"accordion1\" role=\"tablist\" aria-multiselectable=\"true\">\n<div class=\"card\">\n<div id=\"headingThree\" class=\"card-header\" role=\"tab\">\n<h5 class=\"mb-0\"><a href=\"#apa-2\" data-toggle=\"collapse\" data-parent=\"#accordion1\" aria-expanded=\"true\" aria-controls=\"collapseOne\"> APA <\/a><\/h5>\n<\/div>\n<div id=\"apa-2\" class=\"collapse\" role=\"tabpanel\" aria-labelledby=\"headingThree\">\n<div class=\"card-block\">\n<p>Junker, M.-O., Duff, A., MacLeod, C., Salt, R., et Stewart, T. (R\u00e9ds.). (2006). <span style=\"font-style: italic;\">Le\u00e7ons de syllabique cri. <\/span> lessons.eastcree.org<\/p>\n<\/div>\n<\/div>\n<\/div>\n<div class=\"card\">\n<div id=\"headingFour\" class=\"card-header\" role=\"tab\">\n<h5 class=\"mb-0\"><a class=\"collapsed\" href=\"#mla-2\" data-toggle=\"collapse\" data-parent=\"#accordion1\" aria-expanded=\"false\" aria-controls=\"collapseTwo\"> MLA <\/a><\/h5>\n<\/div>\n<div id=\"mla-2\" class=\"collapse\" role=\"tabpanel\" aria-labelledby=\"headingFour\">\n<div class=\"card-block\">\n<p>Junker, Marie-Odile, Alice Duff, Charlotte MacLeod, Ruth Salt, et Terry Stewart, R\u00e9ds. <span style=\"font-style: italic;\">Le\u00e7ons de syllabique cri.<\/span> 2006. Web. <span style=\"color: #ff0000;\">[Date].<\/span><\/p>\n<p><span style=\"color: #ff0000;\">[Date]<\/span> = la date \u00e0 laquelle vous avez acc\u00e9d\u00e9e aux lessons: 13 D\u00e9c. 2025<\/p>\n<\/div>\n<\/div>\n<\/div>\n<\/div>\n","protected":false},"excerpt":{"rendered":"<p>G\u00e9n\u00e9rique des le\u00e7ons Pour le g\u00e9n\u00e9rique complet cliquez ICI. Comment citer les le\u00e7ons? Pour citer les le\u00e7ons de cri de l&#8217;Est, choisissez votre style: Le\u00e7ons de cri de l&#8217;Est (langue seconde) APA Junker, M.-O., Neacappo, M., Owen, C. (R\u00e9ds.). (2020). Le\u00e7ons de cri de l&#8217;Est (langue seconde). lessons.eastcree.org MLA Junker, Marie-Odile, Mimie Neacappo et Claire&#8230;  <a  class=\" btn btn-lg btn-primary \" href=\"https:\/\/www.eastcree.org\/cree\/fr\/about\/credits\/comment-citer-les-lecons\/\">Read the full article&#8230;<\/a><\/p>\n","protected":false},"author":3,"featured_media":0,"parent":10475,"menu_order":2,"comment_status":"closed","ping_status":"closed","template":"","meta":[],"_links":{"self":[{"href":"https:\/\/www.eastcree.org\/cree\/wp-json\/wp\/v2\/pages\/14440"}],"collection":[{"href":"https:\/\/www.eastcree.org\/cree\/wp-json\/wp\/v2\/pages"}],"about":[{"href":"https:\/\/www.eastcree.org\/cree\/wp-json\/wp\/v2\/types\/page"}],"author":[{"embeddable":true,"href":"https:\/\/www.eastcree.org\/cree\/wp-json\/wp\/v2\/users\/3"}],"replies":[{"embeddable":true,"href":"https:\/\/www.eastcree.org\/cree\/wp-json\/wp\/v2\/comments?post=14440"}],"version-history":[{"count":12,"href":"https:\/\/www.eastcree.org\/cree\/wp-json\/wp\/v2\/pages\/14440\/revisions"}],"predecessor-version":[{"id":14458,"href":"https:\/\/www.eastcree.org\/cree\/wp-json\/wp\/v2\/pages\/14440\/revisions\/14458"}],"up":[{"embeddable":true,"href":"https:\/\/www.eastcree.org\/cree\/wp-json\/wp\/v2\/pages\/10475"}],"wp:attachment":[{"href":"https:\/\/www.eastcree.org\/cree\/wp-json\/wp\/v2\/media?parent=14440"}],"curies":[{"name":"wp","href":"https:\/\/api.w.org\/{rel}","templated":true}]}}